st common divisor of 44 and q?
22
Suppose 2*o - 2*g + g = 1, 4*o + g - 11 = 0. Suppose -2*y = -0*y - o, -y + 209 = -w. Let c be (w/3)/(8/(-24)). What is the highest common divisor of c and 26?
26
Suppose 3*d = 7 - 1. Suppose -d*v + 20 = 3*v. Let q be (2/v)/(3/54). What is the highest common factor of q and 99?
9
Let z(h) = h**3 + 10*h**2 + h + 4. Let m be z(-9). Let j = m - 49. Calculate the greatest common factor of 297 and j.
27
Suppose i = f + 3*i - 64, -i + 131 = 2*f. Let g(q) = -4*q**2 + 2*q + 33. Let a be g(0). What is the highest common divisor of a and f?
33
Let l = 111 - -99. What is the highest common factor of l and 140?
70
Let y be 3*(9/(-1))/(-3). Suppose 103 = 2*g - 23. Calculate the highest common divisor of y and g.
9
Let c(b) = 145*b**2 + 1. Let y be c(2). Calculate the greatest common divisor of y and 7.
7
Suppose -42 = -s - 34. Calculate the highest common divisor of 256 and s.
8
Let x be 116/10 - 2/(-5). What is the greatest common factor of x and 3?
3
Suppose -2338 = -4*a + 2238. Calculate the greatest common factor of 44 and a.
44
Suppose 0 = 2*a + 15 - 23. Let y be ((-8)/14)/(a/(-42)). What is the greatest common divisor of 48 and y?
6
Let i be 4/1 - (2 + 0). Suppose -54 = -5*b - 0*z - 4*z, i*b + z = 24. Calculate the highest common divisor of 98 and b.
14
Let s = -123 + 86. Let k = s + 87. Calculate the highest common factor of k and 100.
50
Let d be 10/(0 + 6/9). Let s = d + -11. Let b(a) = 48*a. Let k be b(s). What is the highest common factor of k and 24?
24
Let a(q) = 2*q**3 - 5*q - 3. Suppose -2*d + 0*d - 2*o = 16, 0 = 5*d + 4*o + 35. Let b be a(d). Let f = b - -60. What is the highest common factor of f and 27?
9
Let g(y) = 19*y**3 - 5*y**2 + 5*y - 24. Let k be g(3). What is the greatest common factor of k and 204?
51
Suppose 0 = 3*q + 3*l + 39, 4*q = 4*l - 18 - 2. Let n = 42 + q. What is the greatest common divisor of 22 and n?
11
Let g = -419 + 506. What is the highest common factor of 493 and g?
29
Let w(a) = -2*a**2 + 32*a - 10. Let v be (99/11)/((-3)/(-5)). Let y be w(v). What is the highest common factor of y and 140?
20
Let p(m) = -14*m + 188. Let b be p(7). What is the greatest common factor of 210 and b?
30
Let h be ((-3598)/(-1))/(-8 + (3 - -7)). What is the greatest common divisor of 7 and h?
7
Let r = 10 + -3. Let u(v) = -v**2 + 33*v - 77. Let z be u(5). Calculate the highest common factor of z and r.
7
Let k(r) = r**2 + 16*r - 87. Let m be k(-21). Calculate the greatest common divisor of m and 846.
18
Let n(y) = 170*y + 1. Let g be n(1). Let w(v) = 14*v**2 + 657*v - 28. Let l be w(-47). What is the highest common divisor of l and g?
19
Suppose -2*t = -h - t + 236, 0 = 4*h + 3*t - 965. Suppose 759 = 5*b + h. Calculate the highest common divisor of 13 and b.
13
Let i(p) = 3*p - 41. Let s be i(14). Let n be s + 2428/16 + 6/(-8). What is the greatest common factor of 19 and n?
19
Let c = 230 - 221. Calculate the greatest common divisor of 81 and c.
9
Suppose 5*w + z = 7 + 7, w + 2*z - 1 = 0. Let n be -4 + w + 26 + 2. What is the greatest common divisor of 135 and n?
27
Let p = -102 - -110. Let i be 1348/24 - (-2)/(-12). What is the highest common divisor of i and p?
8
Suppose -2*d = d + 6. Let a be ((-49)/d)/(6/24). Suppose 2*c + 0*c = 2*r - a, 4*r - 190 = -2*c. What is the highest common divisor of 16 and r?
16
Suppose -2*u = -4*z - 4*u + 200, 0 = z + 3*u - 60. What is the highest common factor of 696 and z?
24
Let t(a) = -51*a + 156. Let v be t(2). What is the greatest common factor of v and 702?
54
Let o = -67 + 11. Let g = 224 - o. What is the greatest common factor of g and 56?
56
Let o be 1643 - (5 + 1 + -8). What is the greatest common divisor of 35 and o?
35
Let k be (-14 - -7 - -8)/(1*3/45). Suppose 5*h - 3*x - 76 = 158, -3*h + 2*x + 141 = 0. What is the greatest common divisor of h and k?
15
Let n(o) = 15*o + 27. Let k be n(26). What is the highest common divisor of 3 and k?
3
Suppose -450*u = -454*u + 312. What is the greatest common factor of u and 624?
78
Let d = 16 - 1. Let s be 4*(-44)/(-16) - 0 - -4. What is the greatest common factor of d and s?
15
Let x(u) = -u**2 - u + 35. Let s be x(-5). Let t be 0 + 78/s - 4/(-5). Calculate the highest common divisor of 14 and t.
2
Let r = 116 - -241. Calculate the greatest common factor of 102 and r.
51
Let z = -6 - -10. Suppose z*k = -p + 128, -p + 0*k + 2*k = -146. What is the highest common divisor of 20 and p?
20
Suppose s = 128 - 0. Suppose -11*i = -6*i. Suppose -4*p + 5*c + 64 = i, -3*p + 0*c = 3*c - 48. What is the highest common factor of p and s?
16
Suppose -f = -4*f + 150. Let g(h) = 22*h**2 + 2*h - 1. Let t be g(1). Let z = -3 + t. What is the highest common factor of z and f?
10
Let a = 718 - 223. Calculate the greatest common divisor of a and 66.
33
Suppose -5*t = -5*g - 7*t + 376, 5*g = -5*t + 370. Let s = g + -47. What is the highest common divisor of 232 and s?
29
Suppose 4*b = 20, b = -5*o + 89 + 36. What is the greatest common factor of o and 112?
8
Suppose -46 = -5*q + 2*l, 3*q - 5*l = 12 + 8. Suppose -7*u = 14*u - 1050. What is the greatest common factor of q and u?
10
Let u(x) = x**2 - 6*x - 34. Let q be u(11). Calculate the highest common factor of 9 and q.
3
Suppose -3*g - 65 = 2*w + 23, -2*w - 96 = 5*g. Let v = w + 52. Let a be (-20 + -1)*(-10)/3. Calculate the greatest common factor of v and a.
14
Let o(a) = -2*a**2 - 15*a - 23. Let y be o(-5). Suppose 164 = 4*m + 4*w, 8*w - 4*w - 92 = -y*m. What is the highest common factor of 45 and m?
9
Let v = -1635 + 1157. Let s be 1/5 - 4/40*v. What is the greatest common factor of 72 and s?
24
Let t = 4 - 3. Let k be (15/(-9))/(t/(-6)). Let x be (-8)/(-36) + 101*(-8)/(-9). Calculate the greatest common divisor of x and k.
10
Let c(f) = f**2 + 6*f - 31. Let m be c(8). What is the greatest common factor of 18 and m?
9
Let w = 508 + -233. What is the highest common factor of 11 and w?
11
Suppose l - 1 - 2 = 0. Suppose -2*b + 0*b - g = -98, l*g = -5*b + 246. Suppose -5*m = -158 + b. What is the greatest common divisor of m and 88?
22
Let v be (9/(-24))/((-3)/24). Suppose -4*z - f = z - 38, -v*z + 26 = -f. What is the highest common factor of z and 28?
4
Suppose 2*z - 17*y = -18*y, 0 = -z - y - 3. Let b be 1/4 - 550/(-8). Calculate the greatest common factor of b and z.
3
Suppose -4*h = -4, -h - 23 = -5*o + 1. Calculate the highest common divisor of o and 895.
5
Suppose 11*z + 215 = 1183. Calculate the greatest common factor of 44 and z.
44
Suppose 17*u - 3109 = -729. What is the greatest common factor of u and 385?
35
Suppose -4*a = -2*d - 12, 2 = -4*d + 5*a - 10. Suppose 4*n = -20, x = 5*x + d*n - 174. Calculate the highest common factor of 69 and x.
23
Let s(c) = -c + 7. Let d be s(-8). Suppose -2*g + d = -r, g + 3*r - 1 = -4. What is the greatest common divisor of g and 48?
6
Let b(p) = -3*p**2 + 59*p - 8. Let s be b(17). Calculate the highest common divisor of 96 and s.
32
Let z(k) = k**2 + 12*k - 3. Let b(o) = -9*o + 3 + o + o**2 + 0. Let q be b(4). Let v be z(q). Calculate the greatest common divisor of v and 15.
5
Let k = 15 + -10. Suppose -a - 4*u - k = 6, 4*a + u = -29. Let y = -4 - a. Calculate the greatest common factor of y and 12.
3
Suppose -2*m - 4 = 4*r + 2*m, -5*m - 37 = -3*r. Suppose 0 = -a - 3*i + 43 + 97, 4*a + r*i - 520 = 0. Calculate the highest common factor of a and 25.
25
Suppose -2*q = i - 19, 7*q = -i + 3*q + 23. Let x(o) = 2*o**2 + 3. Let b be x(6). What is the greatest common factor of i and b?
15
Let x be 17/4 - (-4)/(-16). Suppose -23 = -5*w + x*c + 3, 26 = 3*w - 5*c. Let h = 88 + -72. Calculate the highest common divisor of w and h.
2
Let u = 5 + -6. Let r be -1 - (1 + u + 2). Let l = r + 9. What is the greatest common divisor of l and 12?
6
Let v be -7 - (1/(-2))/(2/2476). Calculate the greatest common divisor of v and 36.
36
Let a be 154/(-3)*(-3)/6*6. Calculate the greatest common factor of a and 14.
14
Let g = -31 - -21. Let a be g/(-3) - 6/18. Suppose 0 = -4*o + a*u + 271 + 444, -4*u = 20. Calculate the highest common factor of o and 35.
35
Suppose -2*j - 2*p - 2 = 0, 2*j + 3*p + 2 = -1. Suppose 3*v + 2 - 29 = j. Suppose -65 - 565 = -14*s. Calculate the highest common divisor of s and v.
9
Let j(f) = 2*f**2 + 11*f + 4. Let p(l) = -3*l**2 - 21*l - 8.